{"id":697,"date":"2024-06-02T18:01:37","date_gmt":"2024-06-02T18:01:37","guid":{"rendered":"https:\/\/www.cabinetbelbachir.ma\/?page_id=697"},"modified":"2024-06-09T22:18:20","modified_gmt":"2024-06-09T22:18:20","slug":"droit-de-la-famille","status":"publish","type":"page","link":"https:\/\/www.cabinetbelbachir.ma\/fr\/droit-de-la-famille\/","title":{"rendered":"Droit de la famille"},"content":{"rendered":"\t\t<div data-elementor-type=\"wp-page\" data-elementor-id=\"697\" class=\"elementor elementor-697\">\n\t\t\t\t<div class=\"elementor-element elementor-element-ff4fbb8 e-flex e-con-boxed e-con e-parent\" data-id=\"ff4fbb8\" data-element_type=\"container\" data-e-type=\"container\">\n\t\t\t\t\t<div class=\"e-con-inner\">\n\t\t\t\t<div class=\"elementor-element elementor-element-524609d elementor-widget elementor-widget-heading\" data-id=\"524609d\" data-element_type=\"widget\" data-e-type=\"widget\" data-widget_type=\"heading.default\">\n\t\t\t\t<div class=\"elementor-widget-container\">\n\t\t\t\t\t<h2 class=\"elementor-heading-title elementor-size-default\">DROIT DE LA FAMILLE<\/h2>\t\t\t\t<\/div>\n\t\t\t\t<\/div>\n\t\t\t\t\t<\/div>\n\t\t\t\t<\/div>\n\t\t<div class=\"elementor-element elementor-element-036f138 e-flex e-con-boxed e-con e-parent\" data-id=\"036f138\" data-element_type=\"container\" data-e-type=\"container\">\n\t\t\t\t\t<div class=\"e-con-inner\">\n\t\t\t\t<div class=\"elementor-element elementor-element-eb080fa elementor-widget elementor-widget-text-editor\" data-id=\"eb080fa\" data-element_type=\"widget\" data-e-type=\"widget\" data-widget_type=\"text-editor.default\">\n\t\t\t\t<div class=\"elementor-widget-container\">\n\t\t\t\t\t\t\t\t\t<p>Le droit de la famille touche \u00e0 des aspects essentiels de la vie priv\u00e9e. Notre cabinet vous accompagne avec sensibilit\u00e9 et professionnalisme dans toutes vos d\u00e9marches familiales, en mettant l\u2019accent sur la recherche de solutions amiables et la protection de vos int\u00e9r\u00eats.<\/p><p><strong>Nos services incluent :<\/strong><\/p><ul><li>Divorce et s\u00e9paration<\/li><li>Garde des enfants et droit de visite<\/li><li>Pension alimentaire et prestation compensatoire<\/li><li>Adoption et filiation<\/li><li>R\u00e9gime matrimonial et succession<\/li><\/ul>\t\t\t\t\t\t\t\t<\/div>\n\t\t\t\t<\/div>\n\t\t\t\t\t<\/div>\n\t\t\t\t<\/div>\n\t\t\t\t<\/div>\n\t\t","protected":false},"excerpt":{"rendered":"<p>DROIT DE LA FAMILLE Le droit de la famille touche \u00e0 des aspects essentiels de la vie priv\u00e9e. Notre cabinet vous accompagne avec sensibilit\u00e9 et professionnalisme dans toutes vos d\u00e9marches familiales, en mettant l\u2019accent sur la recherche de solutions amiables et la protection de vos int\u00e9r\u00eats. Nos services incluent : Divorce et s\u00e9paration Garde des [&hellip;]<\/p>\n","protected":false},"author":1,"featured_media":0,"parent":0,"menu_order":0,"comment_status":"closed","ping_status":"closed","template":"","meta":{"om_disable_all_campaigns":false,"_monsterinsights_skip_tracking":false,"_monsterinsights_sitenote_active":false,"_monsterinsights_sitenote_note":"","_monsterinsights_sitenote_category":0,"footnotes":""},"class_list":["post-697","page","type-page","status-publish","hentry","entry"],"aioseo_notices":[],"_links":{"self":[{"href":"https:\/\/www.cabinetbelbachir.ma\/fr\/wp-json\/wp\/v2\/pages\/697","targetHints":{"allow":["GET"]}}],"collection":[{"href":"https:\/\/www.cabinetbelbachir.ma\/fr\/wp-json\/wp\/v2\/pages"}],"about":[{"href":"https:\/\/www.cabinetbelbachir.ma\/fr\/wp-json\/wp\/v2\/types\/page"}],"author":[{"embeddable":true,"href":"https:\/\/www.cabinetbelbachir.ma\/fr\/wp-json\/wp\/v2\/users\/1"}],"replies":[{"embeddable":true,"href":"https:\/\/www.cabinetbelbachir.ma\/fr\/wp-json\/wp\/v2\/comments?post=697"}],"version-history":[{"count":7,"href":"https:\/\/www.cabinetbelbachir.ma\/fr\/wp-json\/wp\/v2\/pages\/697\/revisions"}],"predecessor-version":[{"id":810,"href":"https:\/\/www.cabinetbelbachir.ma\/fr\/wp-json\/wp\/v2\/pages\/697\/revisions\/810"}],"wp:attachment":[{"href":"https:\/\/www.cabinetbelbachir.ma\/fr\/wp-json\/wp\/v2\/media?parent=697"}],"curies":[{"name":"wp","href":"https:\/\/api.w.org\/{rel}","templated":true}]}}

<div data-elementor-type="wp-page" data-elementor-id="697" class="elementor elementor-697">
				<div class="elementor-element elementor-element-ff4fbb8 e-flex e-con-boxed e-con e-parent" data-id="ff4fbb8" data-element_type="container" data-e-type="container">
					<div class="e-con-inner">
				<div class="elementor-element elementor-element-524609d elementor-widget elementor-widget-heading" data-id="524609d" data-element_type="widget" data-e-type="widget" data-widget_type="heading.default">
				<div class="elementor-widget-container">
					<h2 class="elementor-heading-title elementor-size-default">DROIT DE LA FAMILLE</h2>				</div>
				</div>
					</div>
				</div>
		<div class="elementor-element elementor-element-036f138 e-flex e-con-boxed e-con e-parent" data-id="036f138" data-element_type="container" data-e-type="container">
					<div class="e-con-inner">
				<div class="elementor-element elementor-element-eb080fa elementor-widget elementor-widget-text-editor" data-id="eb080fa" data-element_type="widget" data-e-type="widget" data-widget_type="text-editor.default">
				<div class="elementor-widget-container">
									<p>Le droit de la famille touche à des aspects essentiels de la vie privée. Notre cabinet vous accompagne avec sensibilité et professionnalisme dans toutes vos démarches familiales, en mettant l’accent sur la recherche de solutions amiables et la protection de vos intérêts.</p><p><strong>Nos services incluent :</strong></p><ul><li>Divorce et séparation</li><li>Garde des enfants et droit de visite</li><li>Pension alimentaire et prestation compensatoire</li><li>Adoption et filiation</li><li>Régime matrimonial et succession</li></ul>								</div>
				</div>
					</div>
				</div>
				</div>

<p>DROIT DE LA FAMILLE Le droit de la famille touche à des aspects essentiels de la vie privée. Notre cabinet vous accompagne avec sensibilité et professionnalisme dans toutes vos démarches familiales, en mettant l’accent sur la recherche de solutions amiables et la protection de vos intérêts. Nos services incluent : Divorce et séparation Garde des [&hellip;]</p>
